21*m - 1 - 5. Let y be a(11). Suppose 5*p = 2*p + y. What are the prime factors of p?
2, 5
Let n = 2828 - -22704. What are the prime factors of n?
2, 13, 491
Let k(b) = -b**3 + 9*b**2 - 13*b - 3. Let s be k(7). Suppose s*p = 4*l - 144, -2*p + 4*p + 165 = 5*l. List the prime factors of l.
31
Let s(j) = 6*j**2 - 2*j - 41. Let n = 9 + 0. List the prime factors of s(n).
7, 61
Suppose 0 = 85*m + 109*m - 35*m - 5351463. List the prime factors of m.
3, 13, 863
Let u(w) = 15*w**2 - 13*w - 31. Let o = -536 + 544. List the prime factors of u(o).
3, 5, 11
Suppose 28*u - 3*o = 24*u + 6260, 5*u - 5*o - 7830 = 0. Let a = -806 + u. List the prime factors of a.
2, 3, 7
Let n be 260*((-35)/10 + 5). Let j = -235 + n. Let a = 38 + j. List the prime factors of a.
193
Let z = 179 - 175. What are the prime factors of ((-123)/(-12))/(350/(-88) + z)?
11, 41
Let b(j) = 2*j + 20. Let y be b(-9). Suppose 6 = -2*l + 2*d, 3*l - y - 7 = -3*d. Suppose -5*w + 311 = -l*v + 4*v, 3*w = 5*v - 398. List the prime factors of v.
79
Let m = 118 - 118. Suppose -2*a - 3*v - 17 = m, 6*v + 28 = -3*a + v. List the prime factors of (-2 + 0 - -1)/(a/3).
3
What are the prime factors of (3555/1580)/(9/307668)?
3, 25639
Let c be -5*6/25*(-4 - 6)*-7. Let j(o) = 21*o + 3. Let f be j(-5). Let z = c - f. List the prime factors of z.
2, 3
Suppose 258*g - 220*g - 49134 = 0. What are the prime factors of g?
3, 431
Let h(l) = 12*l**3 - 85*l**2 + 22*l + 25. List the prime factors of h(14).
13, 1277
Let n(x) = -17*x - 47. Let r be n(-7). Let o = -492 + r. Let i = -249 - o. List the prime factors of i.
3, 19
Suppose -3*o = -4*d - 3576 + 29982, 3*d - 5*o - 19810 = 0. List the prime factors of d.
2, 3, 5, 11
Suppose -3*d = -59*i + 61*i - 255805, 0 = 4*d - 5*i - 341104. List the prime factors of d.
71, 1201
Suppose 12*b - 5*b = 21. Suppose b*c - 170 = -p, 2*p = 3*p - 5*c - 146. List the prime factors of p.
7, 23
Let z(d) = 2536*d**3 + d**2 - 35*d + 34. List the prime factors of z(1).
2, 317
Suppose 0 = -6*v + 4*v + 2. Suppose 16*m - 321 = 367. What are the prime factors of m/((v + -6)/(-15))?
3, 43
Let b(f) = -f**3 - 13*f**2 - f - 5. Let q(x) = 3*x**3 + 38*x**2 + 3*x + 15. Let y(p) = 17*b(p) + 6*q(p). What are the prime factors of y(7)?
2, 349
What are the prime factors of 78/(-130) - (-873612)/45?
3, 719
Let m be 58/(-18) + 24/108. List the prime factors of (-1656)/(-30)*(-20)/m.
2, 23
Let t be (-10798)/14 + 8/28. Let v = t - -1109. List the prime factors of v.
2, 13
Suppose 5*j = 9*j - 1668. Suppose j = 9*x - 4794. List the prime factors of x.
3, 193
Let s = -577 + 580. Suppose -d = s*c + 2*c - 847, -4*d - 4*c + 3420 = 0. What are the prime factors of d?
857
Let a(m) = m**3 - 5*m**2 + 4*m - 4. Let j be a(6). Let g be 8/3*546/j. Let y = 95 - g. List the prime factors of y.
3, 23
Let b = 462 - 456. Let r(a) = -8*a - 3*a**2 + 8*a**2 - 3*a + 3*a - 14. What are the prime factors of r(b)?
2, 59
Let m = 50069 + 6572. What are the prime factors of m?
13, 4357
Let k(v) = 3*v**2 - 10*v - 16. Let u be (2 + -1)/(((-10)/(-5))/(-14)). List the prime factors of k(u).
3, 67
Let l(r) = 5*r**2 + 416*r - 77. List the prime factors of l(-99).
2, 11
Let k = 1889 - -3714. What are the prime factors of k?
13, 431
Suppose 0*n = -5*n + 60. Suppose -8*z = -n*z - 528. Let o = z - -257. What are the prime factors of o?
5
Let t(p) = 46*p**2 - 69*p - 273. What are the prime factors of t(-18)?
3, 11, 13, 37
List the prime factors of (11 - (-5244)/(-24))*-70.
5, 7, 83
Suppose 6*b - 2*b - 44 = 4*c, 3*b - 31 = 4*c. Suppose -b*n + 636 = -n. Suppose w + n - 83 = 0. What are the prime factors of w?
2, 3, 5
Let y(p) = -p**3 - 2*p**2 - 5*p + 4. Let o be y(-3). Let l = o - -141. What are the prime factors of l?
13
Let s(g) = 4*g**2 + 26*g - 42. What are the prime factors of s(89)?
2, 13, 653
Suppose 5*v - 25 = 0, -2*n + 312 = 2*v - 4*v. Let x be -3*-20*10/(-50). Let q = n - x. What are the prime factors of q?
173
Suppose 0*b + 57409 + 119054 = 9*b. List the prime factors of b.
7, 2801
Suppose -17*z - 30*z + 32825 = 18*z. What are the prime factors of z?
5, 101
Let f(r) be the first derivative of r**3 + 19*r**2/2 + 5*r + 1. Suppose 11*d + 26841 = 26742. List the prime factors of f(d).
7, 11
Let o = -5302 - -9058. What are the prime factors of o?
2, 3, 313
Let i(z) = 10097*z**3 - 37*z**2 + 45*z - 9. List the prime factors of i(1).
2, 631
Let p(y) = -18*y - 63. Let s be p(-4). Suppose -558 = s*r - 11*r. List the prime factors of r.
3, 31
Let a(d) = d**2 - 6*d + 27. Let c be a(9). List the prime factors of 18/c + 1625/3.
2, 271
Let b(d) = 2*d**2 - 6*d + 3. Let z be b(-6). Suppose 23*g - 28*g - 210 = 0. Let q = z - g. What are the prime factors of q?
3, 17
Let k = -193 + 15975. List the prime factors of k.
2, 13, 607
Let n(v) = 9*v**2 - 6*v**2 + 5*v**2 + v + 9*v**2 - 2. Let t be n(-2). Suppose 5*j + t = 269. What are the prime factors of j?
41
Let g be (2/6)/(124/60 - 2). Suppose -2*s - 203 - 1120 = -g*y, -5*y + 1335 = -5*s. List the prime factors of y.
263
Let w = 22256 - 11182. What are the prime factors of w?
2, 7, 113
Suppose 3*a = 6*x - 2*x + 10810, -a = -2*x - 3606. What are the prime factors of a?
2, 7, 257
Suppose -2*q + 1560 = -q + 5*a, 5*q - 7863 = -4*a. List the prime factors of q.
3, 5, 7
Suppose 5*a + 25 - 95 = 0. Suppose -19*k = -a*k + 10. List the prime factors of 254/4 + k/4.
3, 7
Let q = -232 - -229. List the prime factors of (-5 - -4 - q)*-2 + 95.
7, 13
Let f = 47 + -47. Suppose -3*t + k - 11 = 1, f = 2*t - 4*k - 2. What are the prime factors of 1 + 1 - (t - 271)?
2, 139
Let r(f) be the third derivative of -f**6/90 + f**5/40 + 19*f**4/24 + 9*f**2. Let s(w) be the second derivative of r(w). List the prime factors of s(-5).
43
Suppose -9*c + 16867 + 24210 = -9134. List the prime factors of c.
7, 797
Let b(w) = -9*w + 52. Suppose -2*a = -6*a + 24. Let l be b(a). Let p = l - -178. What are the prime factors of p?
2, 11
Suppose -42 = 2*k - 9*k. Suppose k*z - 3*z = 168. Suppose 0*r - z = -2*r. List the prime factors of r.
2, 7
Let f be -5 + (3 + 21)/6. List the prime factors of 61 - 57 - (f - 1 - 998).
2, 251
Let r(u) = -u**3 - 5*u**2 + 6*u + 9. Let a be r(-6). Suppose -7*s + 19 + a = 0. Suppose -368 = -4*d + s*k, -4*d - 2*k + 368 = k. List the prime factors of d.
2, 23
Let i = -8664 - -12472. List the prime factors of i.
2, 7, 17
Let q(p) be the first derivative of -2/3*p**3 - p**2 + 15 + 3*p + 2*p**4. List the prime factors of q(1).
7
Let y = -1354 + 2733. Suppose -y = -6*o + 2497. What are the prime factors of o?
2, 17, 19
Let l = 7867 - 3208. List the prime factors of l.
3, 1553
What are the prime factors of 1*(-13 - 161325/(-15))?
2, 41, 131
Let a be (-4 - 11)/(-3) - 20. Let y(z) = z**2 + 8*z - 14. What are the prime factors of y(a)?
7, 13
Suppose 5*z - 175 = 5*v, -8*z + 2*v = -9*z + 44. Suppose 0 = -d + 3, o - 476 = -2*d - z. List the prime factors of o.
2, 3
Suppose 3*w + 6*n = 2*n + 106, -w + 30 = 4*n. Suppose -38 = y - w. Suppose -5*a + y*a = -f - 473, 4*f + 372 = 4*a. List the prime factors of a.
5, 19
Let k = -1561 - -2272. Let q = 1232 - k. List the prime factors of q.
521
Suppose -1244108 = -181*u + 139637. What are the prime factors of u?
5, 11, 139
Let w(o) = -16 + o - 1 + 4*o + 4*o**2 - 2. Let z be w(5). Suppose 574 = 4*p - z. What are the prime factors of p?
2, 5, 17
Suppose -5*g - 1086 = -10*s + 13*s, 0 = -s + 4*g - 379. Let o = -37 - 207. Let d = o - s. List the prime factors of d.
3, 41
Let b(z) = 689*z - 471. What are the prime factors of b(14)?
5, 367
Let q = 54389 + -33017. What are the prime factors of q?
2, 3, 13, 137
Let i(r) = 2*r**3 + 3*r**2 + r - 4. Suppose -5*u = -3*p - 213, -u - u + 89 = -5*p. Let m = 45 - u. List the prime factors of i(m).
2, 5
Suppose 0 = -14*j + 31425 + 51292 - 747. What are the prime factors of j?
5, 1171
Suppose f - 8 = 7. Suppose -f*v - 65 = -10*v. List the prime factors of (-2)/v + (-2026)/(-13).
2, 3, 13
Suppose -17*x = -13*x + 16, 3*w + 54928 = -4*x. List the prime factors of w/(-20) - (-12)/15.
2, 229
Let f = 137783 - 79916. What are the prime factors of f?
3, 19289
Let q = 40 - 25. Let x(p) = 4*p + 6*p - 9 + q*p + 44. What are the prime factors of x(3)?
2, 5, 11
Suppose -121*t = -110*t - 28996. List the prime factors of t.
2, 659
Let o(j) = -19*j - 56. Let g(c) = c**3 - 13*